w(t) = -3*t - 5. What is the remainder when h is divided by w(-7)?
14
Let n(p) = -p**3 - 4*p**2 + 3*p - 8. Let q be n(-5). Suppose -10 = -2*b - d - d, -4*d = q*b. Calculate the remainder when 34 is divided by b.
4
Suppose -1 = 2*y - 27. Suppose -2*t = p - 3906, -2*p - 5*t = -6112 - 1702. Suppose -3647 + p = 5*b. What is the remainder when b is divided by y?
12
Let x(m) = 48*m**2 - 45*m + 97. Calculate the remainder when x(2) is divided by 7.
3
Suppose -4*s + 4*f = -16, -5*s - 5 = -4*f - 24. Let x be (1*979)/((-8)/(20 + -12)). Let u = x - -993. Calculate the remainder when u is divided by s.
2
Let q(s) = -2*s**3 - 13*s**2 - 64*s - 115. What is the remainder when 1027 is divided by q(-6)?
95
Suppose -3*q + 3*g + 111 = 0, -q + 2*g + 814 - 784 = 0. Suppose -3*c = -51 - 57. Calculate the remainder when q is divided by c.
8
Let m = 73 + -70. Let u(g) = -3*g - 3*g + 6 + 4*g + 3*g. What is the remainder when 50 is divided by u(m)?
5
Calculate the remainder when 2038 is divided by 1222258/1826 - (-36)/22.
25
Suppose -3*o = 13 - 133. Suppose 7*v - 6 = 50. Let a = 29 - v. What is the remainder when o is divided by a?
19
Let k = 48 - -33. Let m = 106 - k. What is the remainder when 71 is divided by ((-36)/(-5))/(10/m)?
17
Suppose -4*s + 72 = 7*q - 1, -5*q = 25. Suppose 4*j - 5*f = 29, 3*f - 10 = -1. Calculate the remainder when s is divided by j.
5
Let q(o) = -2*o**2 + 7*o + 4. Suppose 5*v + 3*d - 16 = 39, -44 = -3*v - 4*d. Let m be q(v). Let y = m - -74. Calculate the remainder when 10 is divided by y.
4
Let u = 93 - -110. Calculate the remainder when u is divided by 56.
35
Let o(s) be the third derivative of s**6/120 - 11*s**5/60 - s**4/3 - 9*s**3/2 - 97*s**2. What is the remainder when 0 + 5/((-5)/(-24)) is divided by o(12)?
3
Let h(w) = w**3 - 79*w**2 + 24*w - 1879. Let t = 236 - 136. What is the remainder when t is divided by h(79)?
15
Suppose 4*b + 3*g + 3 = 28, 5*b + 2*g = 33. What is the remainder when 339 is divided by b?
3
Suppose 0 = -z + 1 - 7. Let j(v) = -75*v - 27. Calculate the remainder when j(z) is divided by 17.
15
Let y be (-492)/(-5) + -2 + 8/5. Let c = -68 + y. Suppose i + 19 = 107. Calculate the remainder when i is divided by c.
28
Let p(m) = m**2 + 6*m + 9. Let t be p(-3). Suppose -5*a + 4*o = -t*a - 160, 3*a - 2*o - 98 = 0. Calculate the remainder when 213 is divided by a.
33
Let t(m) = -1187*m - 215. What is the remainder when t(-2) is divided by 70?
59
Suppose 0 = 25*d - 106*d + 1134. Let j(s) be the first derivative of -19*s**2 - 3*s + 4. What is the remainder when j(-3) is divided by d?
13
Suppose -26 = -3*r + r + 4*a, r - 8 = a. Suppose q - r*q = -322. What is the remainder when q is divided by 18?
17
Let b(k) = -21*k**2 - 233*k + 21. What is the remainder when b(-9) is divided by 14?
11
Suppose -53*a + 1519 = -230. What is the remainder when 461 is divided by a?
32
Let d(r) = 16*r**3 - 3*r**2 - 113*r + 349. What is the remainder when d(3) is divided by 75?
40
Let h = -1622 - -1644. What is the remainder when 899 is divided by h?
19
Suppose -531*s + 5925 = -12129. Let o = -85 - -121. What is the remainder when o is divided by s?
2
Let f(r) = -r**3 - 3*r**2 + 5*r + 2. Let q(s) = -s**2 + 12*s - 16. Let n be q(11). Calculate the remainder when (-26)/182 + 1074/21 is divided by f(n).
24
Let a(r) be the first derivative of 5*r + 2/3*r**3 - 7 - 1/4*r**4 + 1/2*r**2. What is the remainder when 8 is divided by a(0)?
3
Let b be ((-64)/(-4))/(-4)*(-2 - 108). Suppose 4*k + 3*u = -2*u + 874, u - b = -2*k. Calculate the remainder when k is divided by 37.
36
Let g be (-10 - 481/(-39))/(7/6). Let b = -17 + 25. Let x = b + g. Calculate the remainder when 88 is divided by x.
8
Suppose 0 = -12*b + 78 - 18. Suppose 105 = 3*m + 3*j, 0 = -107*j + 102*j - b. What is the remainder when 143 is divided by m?
35
Suppose -831*u = -873*u + 32340. Calculate the remainder when u is divided by 159.
134
Let m = 5962 + -3534. Suppose -18*d = -22*d - m. Let l = -432 - d. What is the remainder when l is divided by 44?
43
Suppose 15 = 3*y + 2*y - 5*j, 2*y = -4*j + 6. Suppose 0 = -2*r + 3*n + 40, -y*r + 0*n + 3*n = -60. What is the remainder when 199 is divided by r?
19
Suppose -382*q - 261 = -391*q. Let d = 13 + -3. Calculate the remainder when q is divided by d.
9
Let g(h) = 12*h - 1. What is the remainder when (-168)/196 - 1224/(-7) is divided by g(3)?
34
Suppose -4*i - j = -33, -3*j + j = -2. Let g be -10 + (1092/12 - -1). Suppose i*u - g = -10. Calculate the remainder when u is divided by 4.
1
Suppose -12*w = 6 + 6. Let x(v) = -80*v**3 - 3*v**2 - 5*v - 2. Let f be x(w). Let m = -57 + f. Calculate the remainder when 67 is divided by m.
21
Let h = 386 + -363. Let q(n) = -n - 4. Let t be q(-7). Suppose -i + 4*i - 5*x = 226, 4*i - t*x = 283. Calculate the remainder when i is divided by h.
21
Let g(z) = z**3 + 6*z**2 + 4*z + 2. Let m(u) = -3*u**3 + u**2 + 2*u - 9. Let n be m(3). Let h = n + 87. What is the remainder when h is divided by g(-5)?
5
Suppose 8*h + 265 = 697. Suppose -h = -9*w + 9. Calculate the remainder when w is divided by 6.
1
Suppose -665 = 5*d + 4*a, 9*a = -3*d + 11*a - 421. Let l = -119 - d. Calculate the remainder when 50 is divided by l.
14
Let x be (-1)/((-4)/52 + 0) - 1. Suppose 0 = b + 4*d - 16, -b - 3*d + 2 = -x. What is the remainder when b is divided by (-3)/21 - 456/(-56)?
0
Suppose 479*b + 101100 - 1017075 = 423*b - 1669*b. Suppose -4*u + 48 = -8. Calculate the remainder when b is divided by u.
13
Suppose 49*d = 48*d + 57. What is the remainder when d is divided by -1*(-16)/((-1)/(-1))?
9
Let y = 16341 - 15948. What is the remainder when y is divided by 171?
51
Let d(a) = 3*a**2 - 132*a + 11. What is the remainder when d(62) is divided by 40?
39
Suppose -4*l = -0*l - a - 890, 2*l = -a + 448. Let s(n) = 23*n**2 - 18*n + 1. Suppose 30*t - 60 = -0. Calculate the remainder when l is divided by s(t).
52
Let g(a) = -2*a**3 + 1. Let q(s) = 5*s**3 + 9*s**2 + 22*s + 7. Let y(k) = 3*g(k) + q(k). What is the remainder when y(9) is divided by 30?
28
Let b be (8/2)/(4/(-114)). Let p(j) = -636*j + 2664. Let d be p(4). Let k = d + b. What is the remainder when 29 is divided by k?
5
Let f = 4779 - 4670. Let d(x) = -x**3 + 8*x**2 - 3*x. Calculate the remainder when f is divided by d(7).
25
Suppose -3*z - 51 = -f, -259 = 3*f - 7*f + z. Calculate the remainder when f is divided by 32.
2
Let p = -14125 + 14384. What is the remainder when p is divided by 33?
28
Let h be -1 + 3*(1 - 0). Calculate the remainder when (-186920)/(-2560) + 17/(-1088) is divided by (17/h - 1)*2.
13
Let c = 2 - 20. What is the remainder when 272 is divided by (4 - -1 - c/(-27))*9?
38
What is the remainder when 1103 is divided by (-1)/4*(-4464)/372?
2
Suppose -10 = 6*m - 8*m. Suppose 31*u = 3*f + 29*u - 82, 120 = m*f + 5*u. Calculate the remainder when f is divided by 7.
5
Let k(v) = 4*v**3 - 171*v**2 - 49*v + 270. What is the remainder when 183 is divided by k(43)?
3
What is the remainder when (25/((-4250)/(-612)))/(((-4)/5)/(-2)) is divided by 4?
1
Let c(t) = t**3 + 14*t**2 + 8*t + 24. Calculate the remainder when 438 is divided by c(-12).
6
Let x = -17550 - -18091. Calculate the remainder when x is divided by 128.
29
Let k be ((-14636)/12 - 3/9)/(-2). Suppose -426 - k = -28*l. Calculate the remainder when 122 is divided by l.
11
Suppose 0 = y + 3*y - 40. Let s = 1739 - 1376. Suppose -s = -y*i - i. What is the remainder when 64 is divided by i?
31
Suppose -8 = 3*i - 7*i. Suppose a - 21 = -i*a. Calculate the remainder when 25 is divided by a.
4
Suppose 4*g - 423 = 3*n, -10*n + 7*n - 1719 = -16*g. Calculate the remainder when 697 is divided by g.
49
Suppose -14*d = -4*d - 3860. Suppose 184 + d = 6*p. What is the remainder when p is divided by 32?
31
Let t(n) = 78*n + 523. What is the remainder when t(-5) is divided by 37?
22
Calculate the remainder when 1/4 - (-82662)/552 is divided by 35.
10
Calculate the remainder when 30 is divided by 6/4*((-400)/(-3))/10.
10
Let c(r) = 12*r + 57. Let l be c(-5). Calculate the remainder when (129/(-86))/(l/166 + 0) is divided by 22.
17
Let i = 12847 - 12689. Suppose -5*f = 4*l - 72, -f - 5*l = 4*f - 75. Suppose -f - 57 = -3*o. What is the remainder when i is divided by o?
20
Suppose -4*u = -c + 162, 4*c - 10*u + 11*u = 631. What is the remai